{"id":219,"date":"2020-05-12T03:43:04","date_gmt":"2020-05-12T03:43:04","guid":{"rendered":"https:\/\/gozluxoptik.net\/?page_id=219"},"modified":"2025-08-20T23:39:46","modified_gmt":"2025-08-20T20:39:46","slug":"services","status":"publish","type":"page","link":"https:\/\/gozluxoptik.net\/?page_id=219","title":{"rendered":"Hizmetlerimiz"},"content":{"rendered":"\n<div class=\"wp-block-uagb-container uagb-block-c1e2fce7 alignfull uagb-is-root-container\"><div class=\"uagb-container__video-wrap\"><video autoplay loop muted playsinline><source src=\"http:\/\/gozluxoptik.net\/wp-content\/uploads\/2022\/07\/sen8_2019_desktop-1.mp4\" type=\"video\/mp4\"\/><\/video><\/div><div class=\"uagb-container-inner-blocks-wrap\">\n<div class=\"wp-block-uagb-advanced-heading uagb-block-c767fabd\"><h1 class=\"uagb-heading-text\">Hizmetlerimiz<\/h1><\/div>\n<\/div><\/div>\n\n\n\n<div class=\"wp-block-uagb-container uagb-block-92758601 alignfull uagb-is-root-container\"><div class=\"uagb-container-inner-blocks-wrap\">\n<div class=\"wp-block-uagb-container uagb-block-8ed2340c\">\n<div class=\"wp-block-uagb-info-box uagb-block-83f3c3f0 uagb-infobox__content-wrap  uagb-infobox-icon-above-title uagb-infobox-image-valign-top\"><div class=\"uagb-ifb-content\"><div class=\"uagb-ifb-title-wrap\"><h2 class=\"uagb-ifb-title\">Optik<\/h2><\/div><p class=\"uagb-ifb-desc\">Optik g\u00f6zl\u00fck se\u00e7iminde sadece g\u00f6rme kusurlar\u0131n\u0131 d\u00fczeltmekle kalm\u0131yor, ayn\u0131 zamanda estetik ve konforu da \u00f6n planda tutuyoruz. Farkl\u0131 y\u00fcz \u015fekillerine uygun modern ve klasik \u00e7er\u00e7eve modellerimizle tarz\u0131n\u0131z\u0131 tamamlayabilir, ihtiya\u00e7lar\u0131n\u0131za \u00f6zel cam se\u00e7enekleri aras\u0131ndan se\u00e7im yapabilirsiniz. \u0130nce cam, mavi \u0131\u015f\u0131k filtresi, antirefle kaplama gibi teknolojiler sayesinde hem sa\u011fl\u0131kl\u0131 hem de \u015f\u0131k bir kullan\u0131m deneyimi sunuyoruz.<\/p><\/div><\/div>\n<\/div>\n\n\n\n<div class=\"wp-block-uagb-image aligncenter uagb-block-704d8fd3 wp-block-uagb-image--layout-default wp-block-uagb-image--effect-static wp-block-uagb-image--align-center\"><figure class=\"wp-block-uagb-image__figure\"><img decoding=\"async\" srcset=\"https:\/\/gozluxoptik.net\/wp-content\/uploads\/2025\/08\/ChatGPT-Image-20-Agu-2025-23_22_30.png ,https:\/\/gozluxoptik.net\/wp-content\/uploads\/2025\/08\/ChatGPT-Image-20-Agu-2025-23_22_30.png 780w, https:\/\/gozluxoptik.net\/wp-content\/uploads\/2025\/08\/ChatGPT-Image-20-Agu-2025-23_22_30.png 360w\" sizes=\"auto, (max-width: 480px) 150px\" src=\"https:\/\/gozluxoptik.net\/wp-content\/uploads\/2025\/08\/ChatGPT-Image-20-Agu-2025-23_22_30.png\" alt=\"\" class=\"uag-image-27362\" width=\"366\" height=\"425\" title=\"ChatGPT Image 20 A\u011fu 2025 23_22_30\" loading=\"lazy\" role=\"img\"\/><\/figure><\/div>\n<\/div><\/div>\n\n\n\n<div class=\"wp-block-uagb-container uagb-block-0fa8dc87 alignfull uagb-is-root-container\"><div class=\"uagb-container-inner-blocks-wrap\">\n<div class=\"wp-block-uagb-image aligncenter uagb-block-95ad5af2 wp-block-uagb-image--layout-default wp-block-uagb-image--effect-static wp-block-uagb-image--align-center\"><figure class=\"wp-block-uagb-image__figure\"><img loading=\"lazy\" decoding=\"async\" srcset=\"https:\/\/gozluxoptik.net\/wp-content\/uploads\/2025\/08\/Gemini_Generated_Image_mco60gmco60gmco6-1024x1024.png ,https:\/\/gozluxoptik.net\/wp-content\/uploads\/2025\/08\/Gemini_Generated_Image_mco60gmco60gmco6.png 780w, https:\/\/gozluxoptik.net\/wp-content\/uploads\/2025\/08\/Gemini_Generated_Image_mco60gmco60gmco6.png 360w\" sizes=\"auto, (max-width: 480px) 150px\" src=\"https:\/\/gozluxoptik.net\/wp-content\/uploads\/2025\/08\/Gemini_Generated_Image_mco60gmco60gmco6-1024x1024.png\" alt=\"\" class=\"uag-image-27360\" width=\"554\" height=\"448\" title=\"Gemini_Generated_Image_mco60gmco60gmco6\" role=\"img\"\/><\/figure><\/div>\n\n\n\n<div class=\"wp-block-uagb-container uagb-block-273f62cc\">\n<div class=\"wp-block-uagb-info-box uagb-block-f179cbd3 uagb-infobox__content-wrap  uagb-infobox-icon-above-title uagb-infobox-image-valign-top\"><div class=\"uagb-ifb-content\"><div class=\"uagb-ifb-title-wrap\"><h2 class=\"uagb-ifb-title\">G\u00fcne\u015f G\u00f6zl\u00fc\u011f\u00fc<\/h2><\/div><p class=\"uagb-ifb-desc\">G\u00fcne\u015f g\u00f6zl\u00fc\u011f\u00fc sadece bir aksesuar de\u011fil, g\u00f6z sa\u011fl\u0131\u011f\u0131n\u0131z\u0131 koruyan en \u00f6nemli unsurlardan biridir. UV korumal\u0131 ve polarize cam se\u00e7enekleriyle g\u00fcne\u015fin zararl\u0131 \u0131\u015f\u0131nlar\u0131na kar\u015f\u0131 maksimum koruma sa\u011fl\u0131yoruz. \u0130htiyaca g\u00f6re numaral\u0131 g\u00fcne\u015f g\u00f6zl\u00fckleri de sunarak hem net g\u00f6rmenizi hem de g\u00f6z sa\u011fl\u0131\u011f\u0131n\u0131z\u0131 g\u00fcvence alt\u0131na al\u0131yoruz. Sezonun en \u00e7ok tercih edilen moda ve trend modelleriyle tarz\u0131n\u0131za de\u011fer kat\u0131yoruz.<\/p><\/div><\/div>\n<\/div>\n<\/div><\/div>\n\n\n\n<div class=\"wp-block-uagb-container uagb-block-a3c85d3f alignfull uagb-is-root-container\"><div class=\"uagb-container-inner-blocks-wrap\">\n<div class=\"wp-block-uagb-container uagb-block-4502a8bd\">\n<div class=\"wp-block-uagb-info-box uagb-block-109f07e7 uagb-infobox__content-wrap  uagb-infobox-icon-above-title uagb-infobox-image-valign-top\"><div class=\"uagb-ifb-content\"><div class=\"uagb-ifb-title-wrap\"><h2 class=\"uagb-ifb-title\">Tamir &amp; bak\u0131m<\/h2><\/div><p class=\"uagb-ifb-desc\">G\u00f6zl\u00fckler g\u00fcnl\u00fck kullan\u0131mda zamanla ayar kayb\u0131 ya\u015fayabilir veya k\u00fc\u00e7\u00fck onar\u0131mlar gerektirebilir. Ma\u011fazam\u0131zda \u00fccretsiz g\u00f6zl\u00fck ayar\u0131, vida s\u0131kma, burun pedi de\u011fi\u015fimi ve detayl\u0131 temizlik gibi bak\u0131m hizmetleri sunuyoruz. Bu sayede g\u00f6zl\u00fc\u011f\u00fcn\u00fcz ilk g\u00fcnk\u00fc konforunu ve dayan\u0131kl\u0131l\u0131\u011f\u0131n\u0131 korur. D\u00fczenli bak\u0131m sayesinde hem daha uzun \u00f6m\u00fcrl\u00fc kullan\u0131m sa\u011flars\u0131n\u0131z hem de her zaman rahat bir g\u00f6r\u00fc\u015f deneyimine sahip olursunuz<\/p><\/div><\/div>\n<\/div>\n\n\n\n<div class=\"wp-block-uagb-image uagb-block-18897b0b wp-block-uagb-image--layout-default wp-block-uagb-image--effect-static wp-block-uagb-image--align-none\"><figure class=\"wp-block-uagb-image__figure\"><img decoding=\"async\" srcset=\"https:\/\/gozluxoptik.net\/wp-content\/uploads\/2025\/08\/Gemini_Generated_Image_fbqg4ffbqg4ffbqg-1024x1024.png ,https:\/\/gozluxoptik.net\/wp-content\/uploads\/2025\/08\/Gemini_Generated_Image_fbqg4ffbqg4ffbqg.png 780w, https:\/\/gozluxoptik.net\/wp-content\/uploads\/2025\/08\/Gemini_Generated_Image_fbqg4ffbqg4ffbqg.png 360w\" sizes=\"auto, (max-width: 480px) 150px\" src=\"https:\/\/gozluxoptik.net\/wp-content\/uploads\/2025\/08\/Gemini_Generated_Image_fbqg4ffbqg4ffbqg-1024x1024.png\" alt=\"\" class=\"uag-image-27361\" width=\"564\" height=\"546\" title=\"Gemini_Generated_Image_fbqg4ffbqg4ffbqg\" loading=\"lazy\" role=\"img\"\/><\/figure><\/div>\n<\/div><\/div>\n\n\n\n<div class=\"wp-block-uagb-container uagb-block-6f559b4f alignfull uagb-is-root-container\"><div class=\"uagb-container-inner-blocks-wrap\">\n<div class=\"wp-block-uagb-advanced-heading uagb-block-9997db04\"><h2 class=\"uagb-heading-text\">s.s.s.\u200b<\/h2><p class=\"uagb-desc-text\">S\u0131k\u00e7a Sorulan Sorular<\/p><\/div>\n\n\n<div class=\"wp-block-uagb-faq uagb-faq__outer-wrap uagb-block-a92893ac uagb-faq-icon-row-reverse uagb-faq-layout-accordion uagb-faq-expand-first-false uagb-faq-inactive-other-true uagb-faq__wrap uagb-buttons-layout-wrap uagb-faq-equal-height     \" data-faqtoggle=\"true\" role=\"tablist\"><div class=\"wp-block-uagb-faq-child uagb-faq-child__outer-wrap uagb-faq-item uagb-block-7b345a3a \" role=\"tab\" tabindex=\"0\"><div class=\"uagb-faq-questions-button uagb-faq-questions\">\t\t\t<span class=\"uagb-icon uagb-faq-icon-wrap\">\n\t\t\t\t\t\t\t<\/span>\n\t\t\t\t\t\t<span class=\"uagb-icon-active uagb-faq-icon-wrap\">\n\t\t\t\t\t\t\t\t<svg xmlns=\"https:\/\/www.w3.org\/2000\/svg\" viewBox= \"0 0 320 512\"><path d=\"M9.39 265.4l127.1-128C143.6 131.1 151.8 128 160 128s16.38 3.125 22.63 9.375l127.1 128c9.156 9.156 11.9 22.91 6.943 34.88S300.9 320 287.1 320H32.01c-12.94 0-24.62-7.781-29.58-19.75S.2333 274.5 9.39 265.4z\"><\/path><\/svg>\n\t\t\t\t\t\t\t<\/span>\n\t\t\t<span class=\"uagb-question\">Mavi \u0131\u015f\u0131k korumal\u0131 camlar ger\u00e7ekten gerekli mi?<\/span><\/div><div class=\"uagb-faq-content\"><p>Bilgisayar, tablet ve telefon gibi dijital ekranlara uzun s\u00fcre bakanlar i\u00e7in g\u00f6z yorgunlu\u011funu ve kurulu\u011funu azaltmaya yard\u0131mc\u0131 olabilir.<\/p><\/div><\/div><div class=\"wp-block-uagb-faq-child uagb-faq-child__outer-wrap uagb-faq-item uagb-block-c0ede2d4 \" role=\"tab\" tabindex=\"0\"><div class=\"uagb-faq-questions-button uagb-faq-questions\">\t\t\t<span class=\"uagb-icon uagb-faq-icon-wrap\">\n\t\t\t\t\t\t\t<\/span>\n\t\t\t\t\t\t<span class=\"uagb-icon-active uagb-faq-icon-wrap\">\n\t\t\t\t\t\t\t\t<svg xmlns=\"https:\/\/www.w3.org\/2000\/svg\" viewBox= \"0 0 320 512\"><path d=\"M9.39 265.4l127.1-128C143.6 131.1 151.8 128 160 128s16.38 3.125 22.63 9.375l127.1 128c9.156 9.156 11.9 22.91 6.943 34.88S300.9 320 287.1 320H32.01c-12.94 0-24.62-7.781-29.58-19.75S.2333 274.5 9.39 265.4z\"><\/path><\/svg>\n\t\t\t\t\t\t\t<\/span>\n\t\t\t<span class=\"uagb-question\">Progresif (\u00e7ok odakl\u0131) cam nedir ve kimler i\u00e7in uygundur?<\/span><\/div><div class=\"uagb-faq-content\"><p>Uzak, orta ve yak\u0131n mesafeyi tek bir camda g\u00f6rmenizi sa\u011flar. Genellikle 40 ya\u015f ve \u00fczeri, hem yak\u0131n hem de uzak g\u00f6rme sorunu olanlar i\u00e7in uygundur.<\/p><\/div><\/div><div class=\"wp-block-uagb-faq-child uagb-faq-child__outer-wrap uagb-faq-item uagb-block-99aac894 \" role=\"tab\" tabindex=\"0\"><div class=\"uagb-faq-questions-button uagb-faq-questions\">\t\t\t<span class=\"uagb-icon uagb-faq-icon-wrap\">\n\t\t\t\t\t\t\t<\/span>\n\t\t\t\t\t\t<span class=\"uagb-icon-active uagb-faq-icon-wrap\">\n\t\t\t\t\t\t\t\t<svg xmlns=\"https:\/\/www.w3.org\/2000\/svg\" viewBox= \"0 0 320 512\"><path d=\"M9.39 265.4l127.1-128C143.6 131.1 151.8 128 160 128s16.38 3.125 22.63 9.375l127.1 128c9.156 9.156 11.9 22.91 6.943 34.88S300.9 320 287.1 320H32.01c-12.94 0-24.62-7.781-29.58-19.75S.2333 274.5 9.39 265.4z\"><\/path><\/svg>\n\t\t\t\t\t\t\t<\/span>\n\t\t\t<span class=\"uagb-question\">Polarize caml\u0131 g\u00fcne\u015f g\u00f6zl\u00fc\u011f\u00fc ne i\u015fe yarar?<\/span><\/div><div class=\"uagb-faq-content\"><p>Su, kar veya \u0131slak yol gibi y\u00fczeylerden yans\u0131yan parlamalar\u0131 azaltarak daha net ve konforlu bir g\u00f6r\u00fc\u015f sa\u011flar.<\/p><\/div><\/div><div class=\"wp-block-uagb-faq-child uagb-faq-child__outer-wrap uagb-faq-item uagb-block-e7754ee4 \" role=\"tab\" tabindex=\"0\"><div class=\"uagb-faq-questions-button uagb-faq-questions\">\t\t\t<span class=\"uagb-icon uagb-faq-icon-wrap\">\n\t\t\t\t\t\t\t<\/span>\n\t\t\t\t\t\t<span class=\"uagb-icon-active uagb-faq-icon-wrap\">\n\t\t\t\t\t\t\t\t<svg xmlns=\"https:\/\/www.w3.org\/2000\/svg\" viewBox= \"0 0 320 512\"><path d=\"M9.39 265.4l127.1-128C143.6 131.1 151.8 128 160 128s16.38 3.125 22.63 9.375l127.1 128c9.156 9.156 11.9 22.91 6.943 34.88S300.9 320 287.1 320H32.01c-12.94 0-24.62-7.781-29.58-19.75S.2333 274.5 9.39 265.4z\"><\/path><\/svg>\n\t\t\t\t\t\t\t<\/span>\n\t\t\t<span class=\"uagb-question\">G\u00fcne\u015f g\u00f6zl\u00fcklerindeki UV korumas\u0131 neden bu kadar \u00f6nemli?<\/span><\/div><div class=\"uagb-faq-content\"><p>G\u00f6zlerinizi katarakt ve makula dejenerasyonu gibi ciddi hastal\u0131klara yol a\u00e7abilen zararl\u0131 UV \u0131\u015f\u0131nlar\u0131ndan korumak i\u00e7in \u00f6nemlidir.<\/p><\/div><\/div><div class=\"wp-block-uagb-faq-child uagb-faq-child__outer-wrap uagb-faq-item uagb-block-cf9b9cec \" role=\"tab\" tabindex=\"0\"><div class=\"uagb-faq-questions-button uagb-faq-questions\">\t\t\t<span class=\"uagb-icon uagb-faq-icon-wrap\">\n\t\t\t\t\t\t\t<\/span>\n\t\t\t\t\t\t<span class=\"uagb-icon-active uagb-faq-icon-wrap\">\n\t\t\t\t\t\t\t\t<svg xmlns=\"https:\/\/www.w3.org\/2000\/svg\" viewBox= \"0 0 320 512\"><path d=\"M9.39 265.4l127.1-128C143.6 131.1 151.8 128 160 128s16.38 3.125 22.63 9.375l127.1 128c9.156 9.156 11.9 22.91 6.943 34.88S300.9 320 287.1 320H32.01c-12.94 0-24.62-7.781-29.58-19.75S.2333 274.5 9.39 265.4z\"><\/path><\/svg>\n\t\t\t\t\t\t\t<\/span>\n\t\t\t<span class=\"uagb-question\">G\u00f6z numaralar\u0131m s\u00fcrekli art\u0131yor, bunu \u00f6nleyebilir miyim?<\/span><\/div><div class=\"uagb-faq-content\"><p>G\u00f6z numaras\u0131ndaki art\u0131\u015f genetik ve \u00e7evresel fakt\u00f6rlere ba\u011fl\u0131 olabilir. D\u00fczenli kontroller, g\u00f6z sa\u011fl\u0131\u011f\u0131na dikkat etmek ve uygun g\u00f6zl\u00fck kullan\u0131m\u0131 s\u00fcreci yava\u015flatmaya yard\u0131mc\u0131 olabilir.<\/p><\/div><\/div><\/div><\/div><\/div>\n\n\n\n<p><\/p>\n","protected":false},"excerpt":{"rendered":"<p>Hizmetlerimiz s.s.s.\u200b S\u0131k\u00e7a Sorulan Sorular<\/p>\n","protected":false},"author":1,"featured_media":0,"parent":0,"menu_order":0,"comment_status":"closed","ping_status":"closed","template":"","meta":{"om_disable_all_campaigns":false,"_uag_custom_page_level_css":"","_mi_skip_tracking":false,"_monsterinsights_sitenote_active":false,"_monsterinsights_sitenote_note":"","_monsterinsights_sitenote_category":0,"site-sidebar-layout":"no-sidebar","site-content-layout":"plain-container","ast-site-content-layout":"full-width-container","site-content-style":"unboxed","site-sidebar-style":"unboxed","ast-global-header-display":"","ast-banner-title-visibility":"","ast-main-header-display":"","ast-hfb-above-header-display":"","ast-hfb-below-header-display":"","ast-hfb-mobile-header-display":"","site-post-title":"disabled","ast-breadcrumbs-content":"","ast-featured-img":"disabled","footer-sml-layout":"","theme-transparent-header-meta":"enabled","adv-header-id-meta":"","stick-header-meta":"","header-above-stick-meta":"","header-main-stick-meta":"","header-below-stick-meta":"","astra-migrate-meta-layouts":"set","ast-page-background-enabled":"default","ast-page-background-meta":{"desktop":{"background-color":"","background-image":"","background-repeat":"repeat","background-position":"center center","background-size":"auto","background-attachment":"scroll","background-type":"","background-media":"","overlay-type":"","overlay-color":"","overlay-opacity":"","overlay-gradient":""},"tablet":{"background-color":"","background-image":"","background-repeat":"repeat","background-position":"center center","background-size":"auto","background-attachment":"scroll","background-type":"","background-media":"","overlay-type":"","overlay-color":"","overlay-opacity":"","overlay-gradient":""},"mobile":{"background-color":"","background-image":"","background-repeat":"repeat","background-position":"center center","background-size":"auto","background-attachment":"scroll","background-type":"","background-media":"","overlay-type":"","overlay-color":"","overlay-opacity":"","overlay-gradient":""}},"ast-content-background-meta":{"desktop":{"background-color":"var(--ast-global-color-5)","background-image":"","background-repeat":"repeat","background-position":"center center","background-size":"auto","background-attachment":"scroll","background-type":"","background-media":"","overlay-type":"","overlay-color":"","overlay-opacity":"","overlay-gradient":""},"tablet":{"background-color":"var(--ast-global-color-5)","background-image":"","background-repeat":"repeat","background-position":"center center","background-size":"auto","background-attachment":"scroll","background-type":"","background-media":"","overlay-type":"","overlay-color":"","overlay-opacity":"","overlay-gradient":""},"mobile":{"background-color":"var(--ast-global-color-5)","background-image":"","background-repeat":"repeat","background-position":"center center","background-size":"auto","background-attachment":"scroll","background-type":"","background-media":"","overlay-type":"","overlay-color":"","overlay-opacity":"","overlay-gradient":""}},"_joinchat":[],"footnotes":""},"class_list":["post-219","page","type-page","status-publish","hentry"],"aioseo_notices":[],"uagb_featured_image_src":{"full":false,"thumbnail":false,"medium":false,"medium_large":false,"large":false,"1536x1536":false,"2048x2048":false},"uagb_author_info":{"display_name":"estmtn@hotmail.com","author_link":"https:\/\/gozluxoptik.net\/?author=1"},"uagb_comment_info":0,"uagb_excerpt":"Hizmetlerimiz s.s.s.\u200b S\u0131k\u00e7a Sorulan Sorular","_links":{"self":[{"href":"https:\/\/gozluxoptik.net\/index.php?rest_route=\/wp\/v2\/pages\/219","targetHints":{"allow":["GET"]}}],"collection":[{"href":"https:\/\/gozluxoptik.net\/index.php?rest_route=\/wp\/v2\/pages"}],"about":[{"href":"https:\/\/gozluxoptik.net\/index.php?rest_route=\/wp\/v2\/types\/page"}],"author":[{"embeddable":true,"href":"https:\/\/gozluxoptik.net\/index.php?rest_route=\/wp\/v2\/users\/1"}],"replies":[{"embeddable":true,"href":"https:\/\/gozluxoptik.net\/index.php?rest_route=%2Fwp%2Fv2%2Fcomments&post=219"}],"version-history":[{"count":6,"href":"https:\/\/gozluxoptik.net\/index.php?rest_route=\/wp\/v2\/pages\/219\/revisions"}],"predecessor-version":[{"id":27369,"href":"https:\/\/gozluxoptik.net\/index.php?rest_route=\/wp\/v2\/pages\/219\/revisions\/27369"}],"wp:attachment":[{"href":"https:\/\/gozluxoptik.net\/index.php?rest_route=%2Fwp%2Fv2%2Fmedia&parent=219"}],"curies":[{"name":"wp","href":"https:\/\/api.w.org\/{rel}","templated":true}]}}